c - 24778. Determine v(-12).
-10
Let k(n) = -2*n**2 - 93767*n + 187536. Determine k(2).
-6
Let c(x) = x**2 + 1198*x + 96896. Determine c(-88).
-784
Let d(k) = 3*k**2 - 20*k + 535. Calculate d(-33).
4462
Let x(t) = -437*t + 4912. Determine x(10).
542
Let g(f) = 3879*f + 58. Give g(0).
58
Let q(r) = 853*r + 23644. Calculate q(-28).
-240
Let r(s) = s**2 + 138*s - 10366. What is r(-192)?
2
Let n(u) = 10*u**3 + 8*u**2 - 964*u + 6703. Calculate n(7).
3777
Let q(t) = 136*t + 1666. Calculate q(-24).
-1598
Let k(f) = -8*f**2 + 77*f + 1550. Determine k(-18).
-2428
Let k(c) = -c**3 - 7*c**2 - 173*c - 1005. Give k(-5).
-190
Let f(g) = 144*g - 10080. Give f(66).
-576
Let r(u) = 1423*u**2 + 11385*u + 4. Give r(-8).
-4
Let f(c) = -11*c**3 - 292*c**2 + 123*c - 318. Determine f(-27).
6
Let p(b) = -3*b**2 + 197*b + 90. What is p(66)?
24
Let c(g) = 537*g + 32260. Calculate c(-60).
40
Let x(d) = 24*d**2 + 38*d + 105. Give x(-3).
207
Let u(l) = -3*l**3 + 55*l**2 + 368*l - 13. Give u(-6).
407
Let d(u) = 133*u - 9493. Calculate d(70).
-183
Let u(m) = -7*m**3 - 64*m**2 - 238*m + 11. Determine u(-4).
387
Let v(r) = 6*r**2 + 1548*r - 15508. What is v(10)?
572
Let t(a) = 216675*a + 11917134. Determine t(-55).
9
Let a(x) = -312*x - 1353. What is a(-3)?
-417
Let v(t) = -3523*t + 21131. Calculate v(6).
-7
Let o(n) = 22*n**2 + 1079*n - 7525. Calculate o(7).
1106
Let z(b) = -5059*b + 141033. Determine z(28).
-619
Let l(m) = -51*m**2 - 521*m - 55. What is l(-10)?
55
Let o(w) = -3*w**3 - 6*w**2 - 162*w + 1086. Give o(6).
-750
Let m(r) = -1660*r - 106414. Determine m(-64).
-174
Let f(a) = -a**3 - 88*a**2 + 13943*a - 216. Give f(82).
30
Let k(g) = -493*g + 62564. Give k(127).
-47
Let y(c) = 8422*c - 42021. Give y(5).
89
Let w(h) = h**2 + 6909*h + 41482. Give w(-6).
64
Let a(k) = 51752*k - 672764. Give a(13).
12
Let c(j) = -4*j**2 - 48*j - 268. Calculate c(-9).
-160
Let r(l) = 26*l**2 - 557*l + 2112. What is r(5)?
-23
Let g(h) = 3*h**2 - 92*h + 943. What is g(13)?
254
Let g(q) = -25269*q - 303231. Determine g(-12).
-3
Let y(j) = -3*j**3 + 202*j**2 + 1193*j + 3521. Calculate y(73).
17
Let q(f) = f**3 + 7*f**2 - 302*f + 38. What is q(12)?
-850
Let r(y) = -y**3 + 15*y**2 - 36*y + 43. What is r(12)?
43
Let y(k) = -3824*k + 2776398. Calculate y(726).
174
Let d(g) = -4*g**3 - 151*g**2 - 1455*g + 8. What is d(-9)?
3788
Let z(j) = -29*j**2 + 88*j + 861. Determine z(7).
56
Let m(x) = -975090*x + 5850564. Give m(6).
24
Let z(m) = 30904*m + 123567. What is z(-4)?
-49
Let l(p) = p**3 + 7*p**2 + 92*p + 330. Give l(-10).
-890
Let i(y) = y**3 + 1780*y**2 - 10991*y + 1644. Determine i(6).
-6
Let s(m) = -m**3 - 6*m**2 + 301*m + 337. Calculate s(-20).
-83
Let n(r) = 142*r**2 + 797*r - 339. Calculate n(-6).
-9
Let c(p) = 12913*p + 26128. Give c(-2).
302
Let j(o) = -4198*o + 214216. Give j(51).
118
Let q(t) = -302068*t + 6947570. Determine q(23).
6
Let p(q) = -5*q**2 + 162*q - 603. Determine p(30).
-243
Let n(m) = m**3 + 430*m**2 + 21572*m - 1497. Give n(-372).
-9
Let i(u) = -5*u**2 - 472*u + 1516. Determine i(-101).
-1817
Let j(y) = -8851*y + 10222965. Give j(1155).
60
Let l(w) = -7464*w + 574742. What is l(77)?
14
Let v(z) = z**3 - 249*z**2 - 1783*z + 342. Calculate v(256).
2646
Let a(b) = 10*b**2 + 247*b - 9600. Calculate a(21).
-3
Let v(d) = -5668*d + 265956. Determine v(47).
-440
Let s(c) = -54*c**2 - 19363*c - 642505. Determine s(-37).
0
Let f(a) = -a**3 + 72*a**2 + 2313*a - 855. Calculate f(96).
9
Let n(p) = 442*p - 2141. Determine n(5).
69
Let s(x) = 22*x**2 - 430*x + 18. Calculate s(20).
218
Let l(v) = -2*v**2 - 200*v - 3600. Give l(-75).
150
Let r(m) = m**2 - 3839*m + 163219. What is r(43)?
-9
Let v(g) = -393*g - 56172. Give v(-143).
27
Let o(v) = -v**3 - 82*v**2 - 453*v - 153. Calculate o(-6).
-171
Let j(c) = -39*c - 548. Give j(-36).
856
Let l(s) = 4199*s**2 - 104977*s + 44. Calculate l(25).
-6
Let i(j) = -29*j**3 + 144*j**2 + 53*j - 251. Calculate i(5).
-11
Let y(a) = a**3 - 80*a**2 + 1294*a + 940. Give y(57).
-29
Let f(a) = -a**2 + 129*a - 3562. Calculate f(61).
586
Let x(y) = -3*y**2 + 4570*y - 13701. Calculate x(3).
-18
Let m(u) = u**2 - 772*u - 12409. Calculate m(-16).
199
Let s(k) = -k**3 - 86*k**2 - 2205*k - 171015. What is s(-84)?
93
Let d(n) = -1582*n - 439752. Calculate d(-278).
44
Let b(t) = 7*t**3 - 54*t**2 + 14*t - 781. Determine b(9).
74
Let l(b) = 11*b**2 + 1038*b - 617. Calculate l(-95).
48
Let g(l) = -19126*l - 229499. Give g(-12).
13
Let j(z) = -z**2 - 123*z + 2015. Give j(15).
-55
Let w(t) = -448731*t - 7. Give w(0).
-7
Let b(y) = -2*y**3 - 85*y**2 - 48*y - 7878. Determine b(-44).
42
Let b(q) = -15*q**2 - 412*q + 10255. Determine b(-43).
236
Let r(k) = -2*k**3 + 61*k**2 - 31*k - 277. Give r(23).
6945
Let c(f) = f**3 - 10*f**2 - 296*f + 1534. Calculate c(5).
-71
Let m(v) = -v**2 + 420*v - 43504. Determine m(186).
20
Let l(r) = -2261*r + 57338. Calculate l(25).
813
Let y(o) = 26*o**3 - 1042*o**2 - 504*o + 23369. Give y(40).
9
Let h(y) = 97*y**3 - 17079*y**2 + 1230*y + 353. Calculate h(176).
1
Let f(a) = a**3 + 2030*a**2 + 20364*a + 1649. What is f(-10)?
9
Let y(h) = -h**2 + 4*h - 185. Calculate y(19).
-470
Let n(x) = 2*x**3 - 21*x**2 + 2*x - 131. Determine n(11).
12
Let q(l) = 7*l**3 - 2823*l**2 - 2824*l + 3. Determine q(-1).
-3
Let w(b) = 3*b**3 - 103*b**2 + 620*b - 1. Calculate w(6).
659
Let i(n) = n**2 + 447*n + 41399. What is i(-131)?
3
Let y(p) = 3121*p + 71837. Determine y(-23).
54
Let p(i) = -459*i**2 - 7810*i + 3. What is p(-17)?
122
Let s(w) = 893*w**2 + 2*w - 56. Calculate s(0).
-56
Let z(o) = -o**2 + 200*o + 7816. Give z(-32).
392
Let p(q) = 478*q**2 - 2343*q + 2. Give p(4).
-1722
Let c(h) = -362*h + 14129. Determine c(37).
735
Let r(v) = 30*v**2 + 201*v + 1772. Determine r(-8).
2084
Let o(z) = -z**3 + 110*z**2 + 567*z + 153. What is o(115)?
-767
Let j(n) = 57*n**3 + 680*n**2 - 103*n - 35. Give j(-12).
625
Let p(j) = 2*j**2 - 566*j + 33888. Give p(197).
4
Let f(c) = 111*c**2 + 9*c - 14. Determine f(1).
106
Let z(r) = r**3 - 202*r**2 - 74996*r - 26324. What is z(393)?
7
Let l(n) = -748*n - 198991. Determine l(-266).
-23
Let j(z) = -29*z**2 - 810*z + 5. Calculate j(-28).
-51
Let y(o) = 2*o**3 + 1237*o**2 + 670*o + 32264. Give y(-618).
128
Let n(c) = -7*c**3 + 117*c**2 - 683*c + 466. What is n(5)?
-899
Let d(s) = -8000*s - 95953. Give d(-12).
47
Let b(u) = -u**3 + 10*u**2 - 1016*u + 11288. Determine b(11).
-9
Let z(f) = -228317*f + 10274223. Give z(45).
-42
Let r(o) = 292*o**2 + 1163*o - 19. Give r(-4).
1
Let s(h) = -9*h**2 + 823*h + 2366. Determine s(94).
204
Let z(h) = -2796*h + 103429. Determine z(37).
-23
Let p(k) = 2*k + 966. What is p(-494)?
-22
Let c(q) = q**3 - q**2 - 1068*q - 8767. Calculate c(-9).
35
Let d(f) = -12590*f + 188804. Give d(15).
-46
Let h(d) = d**2 + 6727*d + 174225. Determine h(-26).
-1
Let u(y) = -59790*y - 59796. Calculate u(-1).
-6
Let g(b) = -2*b**3 + 12*b**2 - 335*b + 2459. What is g(7)?
16
Let b(n) = 1422*n - 12526. Calculate b(9).
272
Let t(b) = -5*b**2 + 1929*b - 9514. Give t(5).
6
Let r(q) = -40*q**2 + 68*q + 48. Give r(2).
24
Let m(a) = 25134*a - 1885050. Calculate m(75).
0
Let y(j) = -94*j + 426. What is y(5)?
-44
Let o(v) = 6450*v + 283808. Calculate o(-44).
8
Let z(s) = -2*s**3 - 201*s**2 + 4346*s + 412058. What is z(-102)?
-22
Let c(t) = -t**3 + 4*t**2 - 24408*t + 73205. Give c(3).
-10
Let m(q) = -15*q**3 + q**2 + 81*q - 309. Give m(4).
-929
Let w(f) = -f**3 - 6*f**2 + 568*f - 135. Give w(21).
-114
Let o(l) = -6*l**3 + 62*l**2 - 86*l - 224. Determine o(12).
-2696
Let u(o) = o**3 + 739*o**2 + 4298*o - 73282. What is u(-733)?
18
Let a(g) = -4*g**3 - 356*g**2 + 4*g + 340. Calculate a(-89).
-16
Let k(v) = -53*v**2 - 16*v + 9. Give k(0).
9
Let a(r) = -5*r**2 + 40*r + 6716. Determine a(41).
-49
Let l(f) = -2*f**2 + 2559*f - 47963. Give l(19).
-64
Let g(a) = 938*a - 13141. What is g(14)?
-9
Let o(k) = k**2 + 96*k - 36467. What is o(-245)?
38
Let y(q) = 1708*q + 56351. Give y(-33).
-13
Let t(q) = 2*q**2 + 142*q - 501. What is t(-74)?
-57
Let j(l) = -121*l + 12073. Give j(101).
-148
Let q(g) = -5172*g - 459519. Determine q(-89).
789
Let v(l) = l**3 - 19*l**2 - 4596*l - 474. What is v(78)?
-6
Let k(h) = 3*h**3 + 471*h**2 - 3959*h + 157. What is k(-165)?
-8
Let o(h) = h**2 - 861*h - 143575. What is o(-143)?
-3
Let s(t) = -124530*t 